{"id":11675,"date":"2025-10-28T16:32:36","date_gmt":"2025-10-28T15:32:36","guid":{"rendered":"https:\/\/www.med.unipi.it\/?page_id=11675"},"modified":"2025-12-31T11:04:51","modified_gmt":"2025-12-31T10:04:51","slug":"dermatologia-e-venereologia","status":"publish","type":"page","link":"https:\/\/www.med.unipi.it\/index.php\/scuole-di-specializzazione\/scuole-mediche\/dermatologia-e-venereologia\/","title":{"rendered":"Dermatologia e Venereologia"},"content":{"rendered":"<p>Lo specialista in Dermatologia e Venereologia matura conoscenze teoriche, scientifiche e professionali nel campo della anatomia, genetica, statistica, istocitopatologia, fisiopatologia, allergologia, microbiologia, virologia e micologia medica, clinica e terapia delle malattie cutanee dell\u2019et\u00e0 evolutiva e dell\u2019et\u00e0 adulta, delle patologie infettive di preminente interesse cutaneo, della dermatologia chirurgica, della farmacologia generale ed applicata, della angiologia dermatologica, delle malattie sessualmente trasmesse, della fotodermatologia diagnostica e terapeutica, della medicina legale applicata alla dermatologia, della oncologia dermatologia. Deve avere maturato le competenze tecniche relative agli ambiti predetti e per l\u2019applicazione delle specifiche metodologie diagnostiche e terapeutiche.<\/p>\n<p><strong>Obiettivi formativi integrati<\/strong><\/p>\n<p>Lo specializzando deve aver acquisito una soddisfacente conoscenza teorica e competenza professionale nella diagnosi clinica e strumentale e nel trattamento, anche in condizioni di emergenza-urgenza, delle pi\u00f9 diffuse patologie internistiche. Lo specializzando deve acquisire le conoscenze fondamentali di fisiopatologia dei diversi organi ed apparati, le conoscenze teoriche e pratiche necessarie per il riconoscimento delle malattie che riguardano i diversi sistemi dell\u2019organismo, le conoscenze teoriche e pratiche dei principali settori di diagnostica strumentale e di laboratorio relative alle suddette malattie, l\u2019acquisizione della capacit\u00e0 di valutazione delle connessioni e di influenze internisti che e specialistiche. Deve pertanto saper riconoscere i sintomi e i segni clinico-funzionali con cui si manifestano le malattie di vari organi ed apparati, avendo acquisito le conoscenze fondamentali diagnostiche, terapeutiche, psicologiche ed etiche necessarie per una visione globale del paziente. A tal fine deve maturare la capacit\u00e0 di inquadrare clinicamente il paziente sulla base dell&#8217;anamnesi e dell&#8217;esame obiettivo; sviluppare capacit\u00e0 diagnostiche critiche e analitiche; acquisire familiarit\u00e0 con le principali procedure diagnostiche ed indagini laboratoristico-strumentali; riconoscere ed essere in grado di affrontare le principali emergenze mediche; familiarizzarsi con le risorse terapeutiche per programmarne l\u2019uso ottimale e riconoscerne le indicazioni e controindicazioni, cos\u00ec come gli effetti di interazione e i possibili incidenti iatrogeni; acquisire le nozioni fondamentali relative alle metodologie di ricerca clinica e dalle sperimentazioni farmacologiche; conoscere le problematiche fondamentali relative a prevenzione, sanit\u00e0 pubblica e medicina sociale. Lo specializzando deve aver acquisito una soddisfacente conoscenza teorica e competenza professionale nel riconoscimento e nel trattamento, in condizioni di emergenza- urgenza, delle pi\u00f9 diffuse patologie. In fine lo specializzando deve anche conoscere, sotto l&#8217;aspetto clinico e terapeutico, le pi\u00f9 comuni patologie di competenza delle altre tipologie della classe.<\/p>\n<p><strong>Obiettivi della formazione di base<\/strong><\/p>\n<p>lo specializzando deve acquisire le fondamentali conoscenze teoriche di fisiologia, biochimica, nonch\u00e9 le tecniche in tutti i settori di laboratorio e di diagnostica applicati alla dermatologia e venereologia, comprese la citopatologia, l&#8217;istopatologia, l&#8217;immunopatologia, la diagnostica ultrastrutturale, la diagnostica per immagini, la microbiologia e micologia dermatologiche. Deve a tal fine approfondire le conoscenze di Anatomia, Fisiologia, Farmacologia, Fisica, Statistica, Epidemiologia, Informatica, Genetica, nonch\u00e9 acquisire conoscenze avanzate dei meccanismi etiopatogenetici che determinano l\u2019insorgenza delle malattie della cute e degli annessi cutanei.<br \/>\nObiettivi della formazione generale<br \/>\nlo specializzando deve acquisire il corretto approccio statistico e le basi metodologiche del laboratorio, della clinica e della terapia, nonch\u00e9 le capacit\u00e0 di continuo rinnovamento delle proprie conoscenze professionali, anche mediante l&#8217;utilizzo di tecnologia informatica aggiornata.<br \/>\nObiettivi formativi della tipologia della scuola<br \/>\nlo specializzando deve acquisire le fondamentali conoscenze teoriche e tecniche necessarie per la valutazione epidemiologica, per la prevenzione e per la diagnosi e terapia, compresa quella chirurgica e fisioterapica, delle malattie cutanee dell\u2019adulto e dell\u2019et\u00e0 pediatrica, delle malattie immunologiche con prevalente estrinsecazione cutanea, delle malattie neoplastiche cutanee; partecipare a studi clinici controllati secondo le norme di buona pratica clinica; acquisire capacit\u00e0 comunicative e relazionali con il paziente e i familiari e di capacit\u00e0 di interazione con gli altri specialisti; acquisire le fondamentali conoscenze teoriche e tecniche necessarie per la valutazione epidemiologica, la prevenzione, la diagnosi e la terapia delle malattie di natura allergica, professionale ed ambientale; acquisire le fondamentali conoscenze teoriche e tecniche necessarie per la valutazione della epidemiologia, la prevenzione, la legislazione, la diagnosi e la terapia, compresa quella fisica, delle malattie trasmissibili per via sessuale compreso l&#8217;AIDS; acquisire le conoscenze teoriche e pratiche relative alle valutazioni strumentali dei parametri fisiologici della cute, dei test funzionali e relative alla diagnosi e terapia degli inestetismi cutanei, all&#8217;etica professionale ed alla legislazione sanitaria nonch\u00e9 per la prevenzione, la diagnosi e la terapia delle malattie dermatologiche tropicali (comprese quelle insorte su cute caucasica) e delle malattie dermatologiche cosmopolite insorte su cute nera; acquisire le fondamentali conoscenze teoriche e tecniche per la diagnosi e terapia delle malattie dermatologiche suscettibili di trattamento chirurgico.<\/p>\n<p><strong>Attivit\u00e0 professionalizzanti obbligatorie<\/strong><\/p>\n<p>Sono attivit\u00e0 professionalizzanti obbligatorie per il raggiungimento delle finalit\u00e0 didattiche della tipologia:<br \/>\na) esecuzione di almeno 40 biopsie cutanee;<br \/>\nb) valutazione di almeno:<br \/>\n\uf0b7 100 esami microscopici e colturali di materiale biologico;<br \/>\n\uf0b7 30 esami sierologici per le MST;<br \/>\n\uf0b7 30 esami istologici ed immunopatologici;<br \/>\n\uf0b7 10 test di dermatologia cosmetologica (pHmetria, sebometria, elastometria, tricogramma, etc.);<br \/>\n\uf0b7 60 tests cutanei allergodiagnostici;<br \/>\n\uf0b7 50 Esami di epiluminescenza<br \/>\nc) presa in carico (con partecipazione diretta a diagnosi, terapia e valutazione dei risultati) di almeno 400 casi di dermopatie di cui:<br \/>\n\uf0b7 220 casi di dermatologia generale<br \/>\n\uf0b7 50 casi di dermatologia immuno allergica;<br \/>\n\uf0b7 50 casi MST, malattie infettive e parassitarie;<br \/>\n\uf0b7 50 di dermatologia oncologica;<br \/>\n\uf0b7 30 di dermatologia dell&#8217;et\u00e0 evolutiva e geriatria;<br \/>\nd) l&#8217;esecuzione o la prima assistenza di almeno:<br \/>\n\uf0b7 80 interventi di chirurgia dermatologica, ivi compresa la preparazione del malato all&#8217;intervento, la anestesia locale o distrettuale ed il decorso postoperatorio;<br \/>\n\uf0b7 100 trattamenti di terapia fisica (crioterapia, fototerapia, diatermocoagulazione, trattamenti LASER);<br \/>\n\uf0b7 20 trattamenti iniettivi intralesionali.<br \/>\nLo specializzando potr\u00e0 concorrere al diploma dopo aver completato le attivit\u00e0 professionalizzanti.<br \/>\nLo specializzando, nell&#8217;ambito del percorso formativo, dovr\u00e0 apprendere le basi scientifiche della tipologia della Scuola al fine di raggiungere una piena maturit\u00e0 e competenza professionale che ricomprenda una adeguata capacit\u00e0 di interpretazione delle innovazioni scientifiche ed un sapere critico che gli consenta di gestire in modo consapevole sia l\u2019assistenza che il proprio aggiornamento; in questo ambito potranno essere previste partecipazione a meeting, a congressi e alla produzione di pubblicazioni scientifiche e periodi di frequenza in qualificate istituzioni italiane ed estere utili alla sua formazione.<\/p>\n<p>&nbsp;<\/p>\n<ul>\n<li>Direttrice della Scuola: Prof.ssa <a href=\"https:\/\/www.unipi.it\/ateneo\/organizzazione\/persone\/valentina-dini-68410\/\">Valentina Dini<\/a><\/li>\n<li>Durata Legale: 4 anni<\/li>\n<li>Area: Medica<\/li>\n<li>Classe: Medicina Clinica Generale e Specialistica<\/li>\n<li><\/li>\n<li><a href=\"https:\/\/www.unipi.it\/wp-content\/uploads\/dermatologia-2.pdf\">Ordinamento della Scuola di Dermatologia e venereologia<\/a><\/li>\n<\/ul>\n<h4>Rete formativa<\/h4>\n<p><strong>Struttura di Sede:<\/strong><\/p>\n<p><em>AOUP\u00a0 \u2013 UO Dermatologia<\/em><\/p>\n<p><strong>Strutture Collegate:<\/strong><\/p>\n<p><em>ATNO \u2013 UOC Dermatologia <\/em><\/p>\n<p>Presidi di:<\/p>\n<p>LIVORNO<br \/>\nVERSILIA<br \/>\nLUCCA<\/p>\n<p>&nbsp;<\/p>\n","protected":false},"excerpt":{"rendered":"<p>Lo specialista in Dermatologia e Venereologia matura conoscenze teoriche, scientifiche e professionali nel campo della anatomia, genetica, statistica, istocitopatologia, fisiopatologia,&hellip;<\/p>\n<p><a class=\"btn btn-dark btn-sm unipi-read-more-link\" href=\"https:\/\/www.med.unipi.it\/index.php\/scuole-di-specializzazione\/scuole-mediche\/dermatologia-e-venereologia\/\">Leggi tutto&#8230;<\/a><\/p>\n","protected":false},"author":1,"featured_media":0,"parent":11620,"menu_order":0,"comment_status":"closed","ping_status":"closed","template":"","meta":{"footnotes":""},"categories":[106],"tags":[],"class_list":["post-11675","page","type-page","status-publish","hentry","category-scuole-mediche"],"yoast_head":"<!-- This site is optimized with the Yoast SEO plugin v27.0 - https:\/\/yoast.com\/product\/yoast-seo-wordpress\/ -->\n<title>Dermatologia e Venereologia - Scuola di Medicina<\/title>\n<meta name=\"robots\" content=\"index, follow, max-snippet:-1, max-image-preview:large, max-video-preview:-1\" \/>\n<link rel=\"canonical\" href=\"https:\/\/www.med.unipi.it\/index.php\/scuole-di-specializzazione\/scuole-mediche\/dermatologia-e-venereologia\/\" \/>\n<meta property=\"og:locale\" content=\"it_IT\" \/>\n<meta property=\"og:type\" content=\"article\" \/>\n<meta property=\"og:title\" content=\"Dermatologia e Venereologia - Scuola di Medicina\" \/>\n<meta property=\"og:description\" content=\"Lo specialista in Dermatologia e Venereologia matura conoscenze teoriche, scientifiche e professionali nel campo della anatomia, genetica, statistica, istocitopatologia, fisiopatologia,&hellip;Leggi tutto...\" \/>\n<meta property=\"og:url\" content=\"https:\/\/www.med.unipi.it\/index.php\/scuole-di-specializzazione\/scuole-mediche\/dermatologia-e-venereologia\/\" \/>\n<meta property=\"og:site_name\" content=\"Scuola di Medicina\" \/>\n<meta property=\"article:modified_time\" content=\"2025-12-31T10:04:51+00:00\" \/>\n<meta name=\"twitter:card\" content=\"summary_large_image\" \/>\n<meta name=\"twitter:label1\" content=\"Tempo di lettura stimato\" \/>\n\t<meta name=\"twitter:data1\" content=\"6 minuti\" \/>\n<script type=\"application\/ld+json\" class=\"yoast-schema-graph\">{\"@context\":\"https:\/\/schema.org\",\"@graph\":[{\"@type\":\"WebPage\",\"@id\":\"https:\/\/www.med.unipi.it\/index.php\/scuole-di-specializzazione\/scuole-mediche\/dermatologia-e-venereologia\/\",\"url\":\"https:\/\/www.med.unipi.it\/index.php\/scuole-di-specializzazione\/scuole-mediche\/dermatologia-e-venereologia\/\",\"name\":\"Dermatologia e Venereologia - Scuola di Medicina\",\"isPartOf\":{\"@id\":\"https:\/\/www.med.unipi.it\/#website\"},\"datePublished\":\"2025-10-28T15:32:36+00:00\",\"dateModified\":\"2025-12-31T10:04:51+00:00\",\"breadcrumb\":{\"@id\":\"https:\/\/www.med.unipi.it\/index.php\/scuole-di-specializzazione\/scuole-mediche\/dermatologia-e-venereologia\/#breadcrumb\"},\"inLanguage\":\"it-IT\",\"potentialAction\":[{\"@type\":\"ReadAction\",\"target\":[\"https:\/\/www.med.unipi.it\/index.php\/scuole-di-specializzazione\/scuole-mediche\/dermatologia-e-venereologia\/\"]}]},{\"@type\":\"BreadcrumbList\",\"@id\":\"https:\/\/www.med.unipi.it\/index.php\/scuole-di-specializzazione\/scuole-mediche\/dermatologia-e-venereologia\/#breadcrumb\",\"itemListElement\":[{\"@type\":\"ListItem\",\"position\":1,\"name\":\"Home\",\"item\":\"https:\/\/www.med.unipi.it\/\"},{\"@type\":\"ListItem\",\"position\":2,\"name\":\"Scuole di Specializzazione\",\"item\":\"https:\/\/www.med.unipi.it\/index.php\/scuole-di-specializzazione\/\"},{\"@type\":\"ListItem\",\"position\":3,\"name\":\"Scuole Mediche\",\"item\":\"https:\/\/www.med.unipi.it\/index.php\/scuole-di-specializzazione\/scuole-mediche\/\"},{\"@type\":\"ListItem\",\"position\":4,\"name\":\"Dermatologia e Venereologia\"}]},{\"@type\":\"WebSite\",\"@id\":\"https:\/\/www.med.unipi.it\/#website\",\"url\":\"https:\/\/www.med.unipi.it\/\",\"name\":\"Scuola di Medicina\",\"description\":\"\",\"potentialAction\":[{\"@type\":\"SearchAction\",\"target\":{\"@type\":\"EntryPoint\",\"urlTemplate\":\"https:\/\/www.med.unipi.it\/?s={search_term_string}\"},\"query-input\":{\"@type\":\"PropertyValueSpecification\",\"valueRequired\":true,\"valueName\":\"search_term_string\"}}],\"inLanguage\":\"it-IT\"}]}<\/script>\n<!-- \/ Yoast SEO plugin. -->","yoast_head_json":{"title":"Dermatologia e Venereologia - Scuola di Medicina","robots":{"index":"index","follow":"follow","max-snippet":"max-snippet:-1","max-image-preview":"max-image-preview:large","max-video-preview":"max-video-preview:-1"},"canonical":"https:\/\/www.med.unipi.it\/index.php\/scuole-di-specializzazione\/scuole-mediche\/dermatologia-e-venereologia\/","og_locale":"it_IT","og_type":"article","og_title":"Dermatologia e Venereologia - Scuola di Medicina","og_description":"Lo specialista in Dermatologia e Venereologia matura conoscenze teoriche, scientifiche e professionali nel campo della anatomia, genetica, statistica, istocitopatologia, fisiopatologia,&hellip;Leggi tutto...","og_url":"https:\/\/www.med.unipi.it\/index.php\/scuole-di-specializzazione\/scuole-mediche\/dermatologia-e-venereologia\/","og_site_name":"Scuola di Medicina","article_modified_time":"2025-12-31T10:04:51+00:00","twitter_card":"summary_large_image","twitter_misc":{"Tempo di lettura stimato":"6 minuti"},"schema":{"@context":"https:\/\/schema.org","@graph":[{"@type":"WebPage","@id":"https:\/\/www.med.unipi.it\/index.php\/scuole-di-specializzazione\/scuole-mediche\/dermatologia-e-venereologia\/","url":"https:\/\/www.med.unipi.it\/index.php\/scuole-di-specializzazione\/scuole-mediche\/dermatologia-e-venereologia\/","name":"Dermatologia e Venereologia - Scuola di Medicina","isPartOf":{"@id":"https:\/\/www.med.unipi.it\/#website"},"datePublished":"2025-10-28T15:32:36+00:00","dateModified":"2025-12-31T10:04:51+00:00","breadcrumb":{"@id":"https:\/\/www.med.unipi.it\/index.php\/scuole-di-specializzazione\/scuole-mediche\/dermatologia-e-venereologia\/#breadcrumb"},"inLanguage":"it-IT","potentialAction":[{"@type":"ReadAction","target":["https:\/\/www.med.unipi.it\/index.php\/scuole-di-specializzazione\/scuole-mediche\/dermatologia-e-venereologia\/"]}]},{"@type":"BreadcrumbList","@id":"https:\/\/www.med.unipi.it\/index.php\/scuole-di-specializzazione\/scuole-mediche\/dermatologia-e-venereologia\/#breadcrumb","itemListElement":[{"@type":"ListItem","position":1,"name":"Home","item":"https:\/\/www.med.unipi.it\/"},{"@type":"ListItem","position":2,"name":"Scuole di Specializzazione","item":"https:\/\/www.med.unipi.it\/index.php\/scuole-di-specializzazione\/"},{"@type":"ListItem","position":3,"name":"Scuole Mediche","item":"https:\/\/www.med.unipi.it\/index.php\/scuole-di-specializzazione\/scuole-mediche\/"},{"@type":"ListItem","position":4,"name":"Dermatologia e Venereologia"}]},{"@type":"WebSite","@id":"https:\/\/www.med.unipi.it\/#website","url":"https:\/\/www.med.unipi.it\/","name":"Scuola di Medicina","description":"","potentialAction":[{"@type":"SearchAction","target":{"@type":"EntryPoint","urlTemplate":"https:\/\/www.med.unipi.it\/?s={search_term_string}"},"query-input":{"@type":"PropertyValueSpecification","valueRequired":true,"valueName":"search_term_string"}}],"inLanguage":"it-IT"}]}},"_links":{"self":[{"href":"https:\/\/www.med.unipi.it\/index.php\/wp-json\/wp\/v2\/pages\/11675","targetHints":{"allow":["GET"]}}],"collection":[{"href":"https:\/\/www.med.unipi.it\/index.php\/wp-json\/wp\/v2\/pages"}],"about":[{"href":"https:\/\/www.med.unipi.it\/index.php\/wp-json\/wp\/v2\/types\/page"}],"author":[{"embeddable":true,"href":"https:\/\/www.med.unipi.it\/index.php\/wp-json\/wp\/v2\/users\/1"}],"replies":[{"embeddable":true,"href":"https:\/\/www.med.unipi.it\/index.php\/wp-json\/wp\/v2\/comments?post=11675"}],"version-history":[{"count":3,"href":"https:\/\/www.med.unipi.it\/index.php\/wp-json\/wp\/v2\/pages\/11675\/revisions"}],"predecessor-version":[{"id":12592,"href":"https:\/\/www.med.unipi.it\/index.php\/wp-json\/wp\/v2\/pages\/11675\/revisions\/12592"}],"up":[{"embeddable":true,"href":"https:\/\/www.med.unipi.it\/index.php\/wp-json\/wp\/v2\/pages\/11620"}],"wp:attachment":[{"href":"https:\/\/www.med.unipi.it\/index.php\/wp-json\/wp\/v2\/media?parent=11675"}],"wp:term":[{"taxonomy":"category","embeddable":true,"href":"https:\/\/www.med.unipi.it\/index.php\/wp-json\/wp\/v2\/categories?post=11675"},{"taxonomy":"post_tag","embeddable":true,"href":"https:\/\/www.med.unipi.it\/index.php\/wp-json\/wp\/v2\/tags?post=11675"}],"curies":[{"name":"wp","href":"https:\/\/api.w.org\/{rel}","templated":true}]}}