{"id":1860,"date":"2023-03-03T08:50:25","date_gmt":"2023-03-03T07:50:25","guid":{"rendered":"https:\/\/www.med.unipi.it\/index.php\/corsi-di-laurea\/scienze-e-tecniche-di-psicologia-clinica-e-sperimentale\/presentazione-del-corso\/"},"modified":"2024-10-06T23:20:52","modified_gmt":"2024-10-06T21:20:52","slug":"presentazione-del-corso","status":"publish","type":"page","link":"https:\/\/www.med.unipi.it\/index.php\/corsi-di-laurea\/scienze-e-tecniche-di-psicologia-clinica-e-sperimentale-aa2324\/presentazione-del-corso\/","title":{"rendered":"Presentazione del corso"},"content":{"rendered":"<p>I laureati nel corso di laurea devono aver acquisito:<\/p>\n<p>&#8211; le conoscenze relative alle materie di base e caratterizzanti nei diversi settori delle discipline psicologiche;<\/p>\n<p>&#8211; adeguate conoscenze su metodi e procedure di indagine scientifica;<\/p>\n<p>&#8211; competenze ed esperienze applicative in ambiti psicologici;<\/p>\n<p>&#8211; adeguate competenze e strumenti per la comunicazione e la gestione dell&#8217;informazione;<\/p>\n<p>&#8211; adeguate abilit\u00e0 nell&#8217;utilizzo, in forma scritta e orale, di almeno una lingua dell&#8217;Unione Europea, oltre l&#8217;italiano, in particolare l&#8217;inglese, nell&#8217;ambito specifico di competenza e per lo scambio di informazioni generali.<\/p>\n<p>Ai fini indicati, gli obiettivi formativi specifici del corso:<\/p>\n<p>&#8211; comprendono attivit\u00e0 finalizzate all&#8217;acquisizione di fondamenti teorici e di elementi operativi: 1) della psicologia generale, 2) della psicologia sociale e dello sviluppo, 3) della psicometria, comprese le metodologie d&#8217;indagine, dei metodi statistici e delle procedure informatiche per l&#8217;elaborazione dei dati, 4) dei meccanismi psicofisiologici alla base del comportamento umano normale e patologico, 5) della psicologia psicodinamica, 6) della psicologia clinica e della salute;<\/p>\n<p>&#8211; prevedono corsi finalizzati a un adeguato inquadramento delle discipline psicologiche nel contesto delle scienze naturali, umane e sociali.<\/p>\n<p>L&#8217;attivit\u00e0 applicativa comprende attivit\u00e0 formative nei diversi settori disciplinari, seminari, attivit\u00e0 di laboratorio, esperienze applicative in situazioni reali o simulate, (tirocini pratici valutativi &#8211; TPV) finalizzate all&#8217;acquisizione di competenze nelle metodiche sperimentali e nell&#8217;utilizzo di strumenti di indagine in ambito personale e sociale.<\/p>\n<p>Il corso di studio offre un unico percorso formativo strutturato in attivit\u00e0 didattiche varie, incluse lezioni frontali, esercitazioni, seminari, attivit\u00e0 di tirocinio.<\/p>\n<p>Durante il I anno viene sviluppata l&#8217;acquisizione di conoscenze di base in ambito psicologico e biologico e di competenze relative alla lingua inglese e alla gestione efficace dell&#8217;informazione oltre che della statistica.<\/p>\n<p>Le attivit\u00e0 didattiche del II anno vengono focalizzate sull&#8217;approfondimento degli insegnamenti caratterizzanti e afferenti ai settori disciplinari della psicologia.<\/p>\n<p>Gli insegnamenti del III anno riguardano in modo pi\u00f9 specifico la possibilit\u00e0 di ulteriori approfondimenti settoriali con particolare enfasi sulle conoscenze connesse alle competenze operative ed applicative in ambito psicologico.<\/p>\n<p>Il percorso formativo si completa durante il triennio con l&#8217;acquisizione di elementi concettuali e applicativi propri di ambiti disciplinari affini ed integrativi rispetto alle materie psicologiche, in accordo con una logica che procede dal generale verso lo specifico e con i tirocini pratico valutativi nelle discipline psicologiche.<\/p>\n<p>Non sono previsti curricula.<\/p>\n<p>Il corso di laurea \u00e8 un corso ad accesso programmato. Il numero di accessi al primo anno di corso \u00e8 definito annualmente, ai sensi dell\u2019art. 3, della Legge 264, 2 ago. 1999 (Norme in materia di accesso ai Corsi Universitari). Qualora il numero delle domande superi il numero dei posti messi a concorso \u00e8 previsto un test di ammissione.<\/p>\n","protected":false},"excerpt":{"rendered":"<p>I laureati nel corso di laurea devono aver acquisito: &#8211; le conoscenze relative alle materie di base e caratterizzanti nei&hellip;<\/p>\n<p><a class=\"btn btn-dark btn-sm unipi-read-more-link\" href=\"https:\/\/www.med.unipi.it\/index.php\/corsi-di-laurea\/scienze-e-tecniche-di-psicologia-clinica-e-sperimentale-aa2324\/presentazione-del-corso\/\">Leggi tutto&#8230;<\/a><\/p>\n","protected":false},"author":2,"featured_media":0,"parent":1852,"menu_order":1,"comment_status":"closed","ping_status":"closed","template":"","meta":{"footnotes":""},"categories":[89],"tags":[],"class_list":["post-1860","page","type-page","status-publish","hentry","category-avvisi"],"yoast_head":"<!-- This site is optimized with the Yoast SEO plugin v27.0 - https:\/\/yoast.com\/product\/yoast-seo-wordpress\/ -->\n<title>Presentazione del corso - Scuola di Medicina<\/title>\n<meta name=\"robots\" content=\"index, follow, max-snippet:-1, max-image-preview:large, max-video-preview:-1\" \/>\n<link rel=\"canonical\" href=\"https:\/\/www.med.unipi.it\/index.php\/corsi-di-laurea\/scienze-e-tecniche-di-psicologia-clinica-e-sperimentale-aa2324\/presentazione-del-corso\/\" \/>\n<meta property=\"og:locale\" content=\"it_IT\" \/>\n<meta property=\"og:type\" content=\"article\" \/>\n<meta property=\"og:title\" content=\"Presentazione del corso - Scuola di Medicina\" \/>\n<meta property=\"og:description\" content=\"I laureati nel corso di laurea devono aver acquisito: &#8211; le conoscenze relative alle materie di base e caratterizzanti nei&hellip;Leggi tutto...\" \/>\n<meta property=\"og:url\" content=\"https:\/\/www.med.unipi.it\/index.php\/corsi-di-laurea\/scienze-e-tecniche-di-psicologia-clinica-e-sperimentale-aa2324\/presentazione-del-corso\/\" \/>\n<meta property=\"og:site_name\" content=\"Scuola di Medicina\" \/>\n<meta property=\"article:modified_time\" content=\"2024-10-06T21:20:52+00:00\" \/>\n<meta name=\"twitter:card\" content=\"summary_large_image\" \/>\n<meta name=\"twitter:label1\" content=\"Tempo di lettura stimato\" \/>\n\t<meta name=\"twitter:data1\" content=\"3 minuti\" \/>\n<script type=\"application\/ld+json\" class=\"yoast-schema-graph\">{\"@context\":\"https:\/\/schema.org\",\"@graph\":[{\"@type\":\"WebPage\",\"@id\":\"https:\/\/www.med.unipi.it\/index.php\/corsi-di-laurea\/scienze-e-tecniche-di-psicologia-clinica-e-sperimentale-aa2324\/presentazione-del-corso\/\",\"url\":\"https:\/\/www.med.unipi.it\/index.php\/corsi-di-laurea\/scienze-e-tecniche-di-psicologia-clinica-e-sperimentale-aa2324\/presentazione-del-corso\/\",\"name\":\"Presentazione del corso - Scuola di Medicina\",\"isPartOf\":{\"@id\":\"https:\/\/www.med.unipi.it\/#website\"},\"datePublished\":\"2023-03-03T07:50:25+00:00\",\"dateModified\":\"2024-10-06T21:20:52+00:00\",\"breadcrumb\":{\"@id\":\"https:\/\/www.med.unipi.it\/index.php\/corsi-di-laurea\/scienze-e-tecniche-di-psicologia-clinica-e-sperimentale-aa2324\/presentazione-del-corso\/#breadcrumb\"},\"inLanguage\":\"it-IT\",\"potentialAction\":[{\"@type\":\"ReadAction\",\"target\":[\"https:\/\/www.med.unipi.it\/index.php\/corsi-di-laurea\/scienze-e-tecniche-di-psicologia-clinica-e-sperimentale-aa2324\/presentazione-del-corso\/\"]}]},{\"@type\":\"BreadcrumbList\",\"@id\":\"https:\/\/www.med.unipi.it\/index.php\/corsi-di-laurea\/scienze-e-tecniche-di-psicologia-clinica-e-sperimentale-aa2324\/presentazione-del-corso\/#breadcrumb\",\"itemListElement\":[{\"@type\":\"ListItem\",\"position\":1,\"name\":\"Home\",\"item\":\"https:\/\/www.med.unipi.it\/\"},{\"@type\":\"ListItem\",\"position\":2,\"name\":\"Corsi di Laurea\",\"item\":\"https:\/\/www.med.unipi.it\/index.php\/corsi-di-laurea\/\"},{\"@type\":\"ListItem\",\"position\":3,\"name\":\"Scienze e Tecniche di Psicologia Clinica e Sperimentale\",\"item\":\"https:\/\/www.med.unipi.it\/index.php\/corsi-di-laurea\/scienze-e-tecniche-di-psicologia-clinica-e-sperimentale-aa2324\/\"},{\"@type\":\"ListItem\",\"position\":4,\"name\":\"Presentazione del corso\"}]},{\"@type\":\"WebSite\",\"@id\":\"https:\/\/www.med.unipi.it\/#website\",\"url\":\"https:\/\/www.med.unipi.it\/\",\"name\":\"Scuola di Medicina\",\"description\":\"\",\"potentialAction\":[{\"@type\":\"SearchAction\",\"target\":{\"@type\":\"EntryPoint\",\"urlTemplate\":\"https:\/\/www.med.unipi.it\/?s={search_term_string}\"},\"query-input\":{\"@type\":\"PropertyValueSpecification\",\"valueRequired\":true,\"valueName\":\"search_term_string\"}}],\"inLanguage\":\"it-IT\"}]}<\/script>\n<!-- \/ Yoast SEO plugin. -->","yoast_head_json":{"title":"Presentazione del corso - Scuola di Medicina","robots":{"index":"index","follow":"follow","max-snippet":"max-snippet:-1","max-image-preview":"max-image-preview:large","max-video-preview":"max-video-preview:-1"},"canonical":"https:\/\/www.med.unipi.it\/index.php\/corsi-di-laurea\/scienze-e-tecniche-di-psicologia-clinica-e-sperimentale-aa2324\/presentazione-del-corso\/","og_locale":"it_IT","og_type":"article","og_title":"Presentazione del corso - Scuola di Medicina","og_description":"I laureati nel corso di laurea devono aver acquisito: &#8211; le conoscenze relative alle materie di base e caratterizzanti nei&hellip;Leggi tutto...","og_url":"https:\/\/www.med.unipi.it\/index.php\/corsi-di-laurea\/scienze-e-tecniche-di-psicologia-clinica-e-sperimentale-aa2324\/presentazione-del-corso\/","og_site_name":"Scuola di Medicina","article_modified_time":"2024-10-06T21:20:52+00:00","twitter_card":"summary_large_image","twitter_misc":{"Tempo di lettura stimato":"3 minuti"},"schema":{"@context":"https:\/\/schema.org","@graph":[{"@type":"WebPage","@id":"https:\/\/www.med.unipi.it\/index.php\/corsi-di-laurea\/scienze-e-tecniche-di-psicologia-clinica-e-sperimentale-aa2324\/presentazione-del-corso\/","url":"https:\/\/www.med.unipi.it\/index.php\/corsi-di-laurea\/scienze-e-tecniche-di-psicologia-clinica-e-sperimentale-aa2324\/presentazione-del-corso\/","name":"Presentazione del corso - Scuola di Medicina","isPartOf":{"@id":"https:\/\/www.med.unipi.it\/#website"},"datePublished":"2023-03-03T07:50:25+00:00","dateModified":"2024-10-06T21:20:52+00:00","breadcrumb":{"@id":"https:\/\/www.med.unipi.it\/index.php\/corsi-di-laurea\/scienze-e-tecniche-di-psicologia-clinica-e-sperimentale-aa2324\/presentazione-del-corso\/#breadcrumb"},"inLanguage":"it-IT","potentialAction":[{"@type":"ReadAction","target":["https:\/\/www.med.unipi.it\/index.php\/corsi-di-laurea\/scienze-e-tecniche-di-psicologia-clinica-e-sperimentale-aa2324\/presentazione-del-corso\/"]}]},{"@type":"BreadcrumbList","@id":"https:\/\/www.med.unipi.it\/index.php\/corsi-di-laurea\/scienze-e-tecniche-di-psicologia-clinica-e-sperimentale-aa2324\/presentazione-del-corso\/#breadcrumb","itemListElement":[{"@type":"ListItem","position":1,"name":"Home","item":"https:\/\/www.med.unipi.it\/"},{"@type":"ListItem","position":2,"name":"Corsi di Laurea","item":"https:\/\/www.med.unipi.it\/index.php\/corsi-di-laurea\/"},{"@type":"ListItem","position":3,"name":"Scienze e Tecniche di Psicologia Clinica e Sperimentale","item":"https:\/\/www.med.unipi.it\/index.php\/corsi-di-laurea\/scienze-e-tecniche-di-psicologia-clinica-e-sperimentale-aa2324\/"},{"@type":"ListItem","position":4,"name":"Presentazione del corso"}]},{"@type":"WebSite","@id":"https:\/\/www.med.unipi.it\/#website","url":"https:\/\/www.med.unipi.it\/","name":"Scuola di Medicina","description":"","potentialAction":[{"@type":"SearchAction","target":{"@type":"EntryPoint","urlTemplate":"https:\/\/www.med.unipi.it\/?s={search_term_string}"},"query-input":{"@type":"PropertyValueSpecification","valueRequired":true,"valueName":"search_term_string"}}],"inLanguage":"it-IT"}]}},"_links":{"self":[{"href":"https:\/\/www.med.unipi.it\/index.php\/wp-json\/wp\/v2\/pages\/1860","targetHints":{"allow":["GET"]}}],"collection":[{"href":"https:\/\/www.med.unipi.it\/index.php\/wp-json\/wp\/v2\/pages"}],"about":[{"href":"https:\/\/www.med.unipi.it\/index.php\/wp-json\/wp\/v2\/types\/page"}],"author":[{"embeddable":true,"href":"https:\/\/www.med.unipi.it\/index.php\/wp-json\/wp\/v2\/users\/2"}],"replies":[{"embeddable":true,"href":"https:\/\/www.med.unipi.it\/index.php\/wp-json\/wp\/v2\/comments?post=1860"}],"version-history":[{"count":1,"href":"https:\/\/www.med.unipi.it\/index.php\/wp-json\/wp\/v2\/pages\/1860\/revisions"}],"predecessor-version":[{"id":1871,"href":"https:\/\/www.med.unipi.it\/index.php\/wp-json\/wp\/v2\/pages\/1860\/revisions\/1871"}],"up":[{"embeddable":true,"href":"https:\/\/www.med.unipi.it\/index.php\/wp-json\/wp\/v2\/pages\/1852"}],"wp:attachment":[{"href":"https:\/\/www.med.unipi.it\/index.php\/wp-json\/wp\/v2\/media?parent=1860"}],"wp:term":[{"taxonomy":"category","embeddable":true,"href":"https:\/\/www.med.unipi.it\/index.php\/wp-json\/wp\/v2\/categories?post=1860"},{"taxonomy":"post_tag","embeddable":true,"href":"https:\/\/www.med.unipi.it\/index.php\/wp-json\/wp\/v2\/tags?post=1860"}],"curies":[{"name":"wp","href":"https:\/\/api.w.org\/{rel}","templated":true}]}}