{"id":466,"date":"2022-11-07T11:59:45","date_gmt":"2022-11-07T10:59:45","guid":{"rendered":"https:\/\/www.med.unipi.it\/?page_id=466"},"modified":"2026-04-02T10:00:38","modified_gmt":"2026-04-02T08:00:38","slug":"lauree-tnpee","status":"publish","type":"page","link":"https:\/\/www.med.unipi.it\/index.php\/corsi-di-laurea\/terapia-della-neuro-e-psicomotricita-delleta-evolutiva\/lauree-tnpee\/","title":{"rendered":"Lauree"},"content":{"rendered":"<p><strong>Gli studenti lavoratori possono stampare il &#8220;Giustificativo partecipazione lezione\/esame\/tesi per studente lavoratore&#8221;<\/strong>\u00a0<strong>nella sezione <a href=\"https:\/\/www.med.unipi.it\/index.php\/modulistica-studenti\/\">modulistica studenti<\/a> e consegnarlo\u00a0 al Presidente della Commissione per la firma<\/strong><\/p>\n<p>&nbsp;<\/p>\n<p><strong>SESSIONI DI LAUREA 2026:<\/strong><\/p>\n<p>la sessione \u00e8 posticipata al <strong>31 marzo 2026<\/strong> ore 8.30 Stella Maris <a href=\"https:\/\/www.med.unipi.it\/wp-content\/uploads\/2026\/03\/COMMISSIONE-TNP-L-31mar26-1.pdf\">COMMISSIONE<\/a><\/p>\n<p>4 novembre 2026<\/p>\n<p>&nbsp;<\/p>\n<p><strong>SESSIONI DI LAUREA 2025:<\/strong><\/p>\n<p>09 aprile 2025 <a href=\"https:\/\/www.med.unipi.it\/wp-content\/uploads\/2025\/04\/Disp_nomina_commissione_9apr25.pdf\">Disposizione nomina<\/a>\u00a0&#8211; <a href=\"https:\/\/www.med.unipi.it\/wp-content\/uploads\/2025\/04\/COMMISSIONE_TNP-L.pdf\">COMMISSIONE Completa<\/a><\/p>\n<p>19 novembre 2025 <a href=\"https:\/\/www.med.unipi.it\/wp-content\/uploads\/2025\/11\/COMMISSIONE-TNP-L-1.pdf\">COMMISSIONE<\/a> ore 8.30 Prova pratica a seguire discussione della tesi Aula Fondazione Stella Maris Calambrone<\/p>\n<p><strong>Sessioni di laurea 2024:<\/strong><\/p>\n<p>17 aprile 2024 &#8211; <a href=\"https:\/\/www.med.unipi.it\/wp-content\/uploads\/2024\/04\/Decreto-di-Nomina-TNPEE-1.pdf\">Decreto di Nomina<\/a> &#8211; <a href=\"https:\/\/www.med.unipi.it\/wp-content\/uploads\/2024\/04\/PROSPETTI-TESI-17-04-2024.pdf\">PROSPETTI TESI<\/a><\/p>\n<p>26 novembre 2024 &#8211; <a href=\"https:\/\/www.med.unipi.it\/wp-content\/uploads\/2024\/11\/Decreto-di-Nomina-TNPEE.pdf\">Decreto di Nomina<\/a> &#8211; <a href=\"https:\/\/www.med.unipi.it\/wp-content\/uploads\/2024\/11\/PROSPETTI-TESI-TNP.pdf\">PROSPETTI TESI<\/a><\/p>\n<p><strong>Sessioni di laurea 2023:<\/strong><\/p>\n<p>28 marzo<\/p>\n<p>28 novembre &#8211; <a href=\"https:\/\/www.med.unipi.it\/wp-content\/uploads\/2023\/11\/Decreto-di-Nomina-TNPEE.pdf\">decreto<\/a> &#8211; <a href=\"https:\/\/www.med.unipi.it\/wp-content\/uploads\/2023\/11\/PROSPETTI-TESI-3-2.pdf\">prospetti<\/a><\/p>\n<p><strong>Sessioni di laurea 2022:<\/strong><\/p>\n<p>12 Aprile 2022 &#8211;\u00a0<a href=\"https:\/\/www.med.unipi.it\/images\/nomina_commissioni_esame_finale_firma_Zucchi.pdf\">commissione<\/a>\u00a0&#8211;\u00a0<a href=\"https:\/\/www.med.unipi.it\/images\/PROSPETTI_TESI-1_003.docx\">prospetti<\/a><\/p>\n<p>22 Novembre 2022<\/p>\n<p><strong>Sessioni di laurea 2021:<\/strong><\/p>\n<p>20 Aprile 2021 &#8211;\u00a0<a href=\"https:\/\/www.med.unipi.it\/images\/ALLEGATI\/Logopedia\/nomina_commissioni_esame_finale_sito_1.pdf\">commissione<\/a>\u00a0&#8211;\u00a0<a href=\"https:\/\/www.med.unipi.it\/images\/ALLEGATI\/Logopedia\/PROSPETTI_TESI-APRILE2021_sito.pdf\">prospetti<\/a><\/p>\n<p>23 Novembre 2021<\/p>\n<p><strong>Sessioni di laurea 2020:<\/strong><\/p>\n<p>26 Novembre 2020<\/p>\n<p><strong>Sessioni di laurea 2019:<\/strong><\/p>\n<p>27 Novembre 2019:\u00a0<a href=\"https:\/\/www.med.unipi.it\/images\/ALLEGATI\/TerapiaNeuroPsicomotricitaEtaEvolutiva\/Decreto_Nomina_Commissione_TNPEE.pdf\">decreto<\/a>\u00a0&#8211;\u00a0<a href=\"https:\/\/www.med.unipi.it\/images\/ALLEGATI\/TerapiaNeuroPsicomotricitaEtaEvolutiva\/PROSPETTI_TESI.pdf\">prospetti<\/a><\/p>\n<hr \/>\n<p>&nbsp;<\/p>\n<p style=\"text-align: center;\"><strong>COMUNICAZIONE IN MERITO AI FESTEGGIAMENTI IN OCCASIONE DELLE SEDUTE DI LAUREA<\/strong><\/p>\n<p><small>La Commissione di Sostenibilit\u00e0 di Ateneo (CoSA), ha avviato negli ultimi mesi una attenta analisi volta alla identificazione delle principali criticit\u00e0 nell\u2019ambito della gestione dei rifiuti del nostro Ateneo.<\/small><\/p>\n<p><small>La referente CoSA per i temi \u201cRifiuti e Acqua\u201d, prof.ssa Giulia Romano, ha attivato una collaborazione con il CONAI che si sostanzier\u00e0 nella definizione di un progetto complessivo per la gestione sostenibile dei rifiuti nel nostro Ateneo. L\u2019obiettivo \u00e8 quello di aumentare quantit\u00e0 e qualit\u00e0 della raccolta differenziata, migliorare la comunicazione e l\u2019informazione sui temi ambientali. Inoltre, saranno promosse azioni efficaci di riduzione del rifiuto generato in Ateneo, limitando l\u2019impatto ambientale della nostra comunit\u00e0 universitaria e contribuendo, contemporaneamente, a ridurre i costi connessi\u00a0alla gestione dei rifiuti e a migliorare il benessere complessivo.<\/small><\/p>\n<p><small>Nell\u2019attesa di uno sviluppo pi\u00f9 organico di questo progetto, in occasione delle sessioni di Laurea, si invitano gli interessati e le loro famiglie a non utilizzare coriandoli, stelle filanti e altro materiale che generi rifiuto disperso nell\u2019ambiente.<\/small><\/p>\n<p>&nbsp;<\/p>\n<p>&nbsp;<\/p>\n","protected":false},"excerpt":{"rendered":"<p>Gli studenti lavoratori possono stampare il &#8220;Giustificativo partecipazione lezione\/esame\/tesi per studente lavoratore&#8221;\u00a0nella sezione modulistica studenti e consegnarlo\u00a0 al Presidente della&hellip;<\/p>\n<p><a class=\"btn btn-dark btn-sm unipi-read-more-link\" href=\"https:\/\/www.med.unipi.it\/index.php\/corsi-di-laurea\/terapia-della-neuro-e-psicomotricita-delleta-evolutiva\/lauree-tnpee\/\">Leggi tutto&#8230;<\/a><\/p>\n","protected":false},"author":1,"featured_media":0,"parent":119,"menu_order":0,"comment_status":"closed","ping_status":"closed","template":"","meta":{"footnotes":""},"categories":[33],"tags":[],"class_list":["post-466","page","type-page","status-publish","hentry","category-terapia-neuro-e-psicomotricita-eta-evolutiva"],"yoast_head":"<!-- This site is optimized with the Yoast SEO plugin v27.0 - https:\/\/yoast.com\/product\/yoast-seo-wordpress\/ -->\n<title>Lauree - Scuola di Medicina<\/title>\n<meta name=\"robots\" content=\"index, follow, max-snippet:-1, max-image-preview:large, max-video-preview:-1\" \/>\n<link rel=\"canonical\" href=\"https:\/\/www.med.unipi.it\/index.php\/corsi-di-laurea\/terapia-della-neuro-e-psicomotricita-delleta-evolutiva\/lauree-tnpee\/\" \/>\n<meta property=\"og:locale\" content=\"it_IT\" \/>\n<meta property=\"og:type\" content=\"article\" \/>\n<meta property=\"og:title\" content=\"Lauree - Scuola di Medicina\" \/>\n<meta property=\"og:description\" content=\"Gli studenti lavoratori possono stampare il &#8220;Giustificativo partecipazione lezione\/esame\/tesi per studente lavoratore&#8221;\u00a0nella sezione modulistica studenti e consegnarlo\u00a0 al Presidente della&hellip;Leggi tutto...\" \/>\n<meta property=\"og:url\" content=\"https:\/\/www.med.unipi.it\/index.php\/corsi-di-laurea\/terapia-della-neuro-e-psicomotricita-delleta-evolutiva\/lauree-tnpee\/\" \/>\n<meta property=\"og:site_name\" content=\"Scuola di Medicina\" \/>\n<meta property=\"article:modified_time\" content=\"2026-04-02T08:00:38+00:00\" \/>\n<meta name=\"twitter:card\" content=\"summary_large_image\" \/>\n<meta name=\"twitter:label1\" content=\"Tempo di lettura stimato\" \/>\n\t<meta name=\"twitter:data1\" content=\"2 minuti\" \/>\n<script type=\"application\/ld+json\" class=\"yoast-schema-graph\">{\"@context\":\"https:\/\/schema.org\",\"@graph\":[{\"@type\":\"WebPage\",\"@id\":\"https:\/\/www.med.unipi.it\/index.php\/corsi-di-laurea\/terapia-della-neuro-e-psicomotricita-delleta-evolutiva\/lauree-tnpee\/\",\"url\":\"https:\/\/www.med.unipi.it\/index.php\/corsi-di-laurea\/terapia-della-neuro-e-psicomotricita-delleta-evolutiva\/lauree-tnpee\/\",\"name\":\"Lauree - Scuola di Medicina\",\"isPartOf\":{\"@id\":\"https:\/\/www.med.unipi.it\/#website\"},\"datePublished\":\"2022-11-07T10:59:45+00:00\",\"dateModified\":\"2026-04-02T08:00:38+00:00\",\"breadcrumb\":{\"@id\":\"https:\/\/www.med.unipi.it\/index.php\/corsi-di-laurea\/terapia-della-neuro-e-psicomotricita-delleta-evolutiva\/lauree-tnpee\/#breadcrumb\"},\"inLanguage\":\"it-IT\",\"potentialAction\":[{\"@type\":\"ReadAction\",\"target\":[\"https:\/\/www.med.unipi.it\/index.php\/corsi-di-laurea\/terapia-della-neuro-e-psicomotricita-delleta-evolutiva\/lauree-tnpee\/\"]}]},{\"@type\":\"BreadcrumbList\",\"@id\":\"https:\/\/www.med.unipi.it\/index.php\/corsi-di-laurea\/terapia-della-neuro-e-psicomotricita-delleta-evolutiva\/lauree-tnpee\/#breadcrumb\",\"itemListElement\":[{\"@type\":\"ListItem\",\"position\":1,\"name\":\"Home\",\"item\":\"https:\/\/www.med.unipi.it\/\"},{\"@type\":\"ListItem\",\"position\":2,\"name\":\"Corsi di Laurea\",\"item\":\"https:\/\/www.med.unipi.it\/index.php\/corsi-di-laurea\/\"},{\"@type\":\"ListItem\",\"position\":3,\"name\":\"Terapia della Neuro e Psicomotricit\u00e0 dell&#8217;Et\u00e0 Evolutiva\",\"item\":\"https:\/\/www.med.unipi.it\/index.php\/corsi-di-laurea\/terapia-della-neuro-e-psicomotricita-delleta-evolutiva\/\"},{\"@type\":\"ListItem\",\"position\":4,\"name\":\"Lauree\"}]},{\"@type\":\"WebSite\",\"@id\":\"https:\/\/www.med.unipi.it\/#website\",\"url\":\"https:\/\/www.med.unipi.it\/\",\"name\":\"Scuola di Medicina\",\"description\":\"\",\"potentialAction\":[{\"@type\":\"SearchAction\",\"target\":{\"@type\":\"EntryPoint\",\"urlTemplate\":\"https:\/\/www.med.unipi.it\/?s={search_term_string}\"},\"query-input\":{\"@type\":\"PropertyValueSpecification\",\"valueRequired\":true,\"valueName\":\"search_term_string\"}}],\"inLanguage\":\"it-IT\"}]}<\/script>\n<!-- \/ Yoast SEO plugin. -->","yoast_head_json":{"title":"Lauree - Scuola di Medicina","robots":{"index":"index","follow":"follow","max-snippet":"max-snippet:-1","max-image-preview":"max-image-preview:large","max-video-preview":"max-video-preview:-1"},"canonical":"https:\/\/www.med.unipi.it\/index.php\/corsi-di-laurea\/terapia-della-neuro-e-psicomotricita-delleta-evolutiva\/lauree-tnpee\/","og_locale":"it_IT","og_type":"article","og_title":"Lauree - Scuola di Medicina","og_description":"Gli studenti lavoratori possono stampare il &#8220;Giustificativo partecipazione lezione\/esame\/tesi per studente lavoratore&#8221;\u00a0nella sezione modulistica studenti e consegnarlo\u00a0 al Presidente della&hellip;Leggi tutto...","og_url":"https:\/\/www.med.unipi.it\/index.php\/corsi-di-laurea\/terapia-della-neuro-e-psicomotricita-delleta-evolutiva\/lauree-tnpee\/","og_site_name":"Scuola di Medicina","article_modified_time":"2026-04-02T08:00:38+00:00","twitter_card":"summary_large_image","twitter_misc":{"Tempo di lettura stimato":"2 minuti"},"schema":{"@context":"https:\/\/schema.org","@graph":[{"@type":"WebPage","@id":"https:\/\/www.med.unipi.it\/index.php\/corsi-di-laurea\/terapia-della-neuro-e-psicomotricita-delleta-evolutiva\/lauree-tnpee\/","url":"https:\/\/www.med.unipi.it\/index.php\/corsi-di-laurea\/terapia-della-neuro-e-psicomotricita-delleta-evolutiva\/lauree-tnpee\/","name":"Lauree - Scuola di Medicina","isPartOf":{"@id":"https:\/\/www.med.unipi.it\/#website"},"datePublished":"2022-11-07T10:59:45+00:00","dateModified":"2026-04-02T08:00:38+00:00","breadcrumb":{"@id":"https:\/\/www.med.unipi.it\/index.php\/corsi-di-laurea\/terapia-della-neuro-e-psicomotricita-delleta-evolutiva\/lauree-tnpee\/#breadcrumb"},"inLanguage":"it-IT","potentialAction":[{"@type":"ReadAction","target":["https:\/\/www.med.unipi.it\/index.php\/corsi-di-laurea\/terapia-della-neuro-e-psicomotricita-delleta-evolutiva\/lauree-tnpee\/"]}]},{"@type":"BreadcrumbList","@id":"https:\/\/www.med.unipi.it\/index.php\/corsi-di-laurea\/terapia-della-neuro-e-psicomotricita-delleta-evolutiva\/lauree-tnpee\/#breadcrumb","itemListElement":[{"@type":"ListItem","position":1,"name":"Home","item":"https:\/\/www.med.unipi.it\/"},{"@type":"ListItem","position":2,"name":"Corsi di Laurea","item":"https:\/\/www.med.unipi.it\/index.php\/corsi-di-laurea\/"},{"@type":"ListItem","position":3,"name":"Terapia della Neuro e Psicomotricit\u00e0 dell&#8217;Et\u00e0 Evolutiva","item":"https:\/\/www.med.unipi.it\/index.php\/corsi-di-laurea\/terapia-della-neuro-e-psicomotricita-delleta-evolutiva\/"},{"@type":"ListItem","position":4,"name":"Lauree"}]},{"@type":"WebSite","@id":"https:\/\/www.med.unipi.it\/#website","url":"https:\/\/www.med.unipi.it\/","name":"Scuola di Medicina","description":"","potentialAction":[{"@type":"SearchAction","target":{"@type":"EntryPoint","urlTemplate":"https:\/\/www.med.unipi.it\/?s={search_term_string}"},"query-input":{"@type":"PropertyValueSpecification","valueRequired":true,"valueName":"search_term_string"}}],"inLanguage":"it-IT"}]}},"_links":{"self":[{"href":"https:\/\/www.med.unipi.it\/index.php\/wp-json\/wp\/v2\/pages\/466","targetHints":{"allow":["GET"]}}],"collection":[{"href":"https:\/\/www.med.unipi.it\/index.php\/wp-json\/wp\/v2\/pages"}],"about":[{"href":"https:\/\/www.med.unipi.it\/index.php\/wp-json\/wp\/v2\/types\/page"}],"author":[{"embeddable":true,"href":"https:\/\/www.med.unipi.it\/index.php\/wp-json\/wp\/v2\/users\/1"}],"replies":[{"embeddable":true,"href":"https:\/\/www.med.unipi.it\/index.php\/wp-json\/wp\/v2\/comments?post=466"}],"version-history":[{"count":29,"href":"https:\/\/www.med.unipi.it\/index.php\/wp-json\/wp\/v2\/pages\/466\/revisions"}],"predecessor-version":[{"id":14180,"href":"https:\/\/www.med.unipi.it\/index.php\/wp-json\/wp\/v2\/pages\/466\/revisions\/14180"}],"up":[{"embeddable":true,"href":"https:\/\/www.med.unipi.it\/index.php\/wp-json\/wp\/v2\/pages\/119"}],"wp:attachment":[{"href":"https:\/\/www.med.unipi.it\/index.php\/wp-json\/wp\/v2\/media?parent=466"}],"wp:term":[{"taxonomy":"category","embeddable":true,"href":"https:\/\/www.med.unipi.it\/index.php\/wp-json\/wp\/v2\/categories?post=466"},{"taxonomy":"post_tag","embeddable":true,"href":"https:\/\/www.med.unipi.it\/index.php\/wp-json\/wp\/v2\/tags?post=466"}],"curies":[{"name":"wp","href":"https:\/\/api.w.org\/{rel}","templated":true}]}}