{"id":871,"date":"2022-01-18T10:45:22","date_gmt":"2022-01-18T09:45:22","guid":{"rendered":"https:\/\/www.med.unipi.it\/?page_id=871"},"modified":"2025-03-27T11:38:52","modified_gmt":"2025-03-27T10:38:52","slug":"regolamento-didattico-psio","status":"publish","type":"page","link":"https:\/\/www.med.unipi.it\/index.php\/corsi-di-laurea\/professioni-sanitarie-infermieristiche-e-ostetriche\/regolamento-didattico-psio\/","title":{"rendered":"Regolamento didattico"},"content":{"rendered":"<p>Dall&#8217;Art. 12 del DM n.\u00a0270\/2004:<\/p>\n<p>1. In base all&#8217;articolo 11, comma 2, della legge 19 novembre 1990, n. 341, il regolamento didattico di un corso di studio, deliberato dalla competente struttura didattica in conformit\u00e0 con l&#8217;ordinamento didattico nel rispetto della libert\u00e0 d&#8217;insegnamento, nonch\u00e9 dei diritti e doveri dei docenti e degli studenti, specifica gli aspetti organizzativi del corso di studio. Il regolamento \u00e9 approvato con le procedure previste nello statuto dell&#8217;ateneo.<\/p>\n<p>&nbsp;<\/p>\n<hr \/>\n<p>&nbsp;<\/p>\n<p><strong>Regolamenti Didattici:<\/strong><\/p>\n<p><a href=\"https:\/\/www.med.unipi.it\/wp-content\/uploads\/2025\/03\/WIO-LM-StampaRegolamento-2025-26-GDA-completo.pdf\">Regolamento Didattico del CdLM in Professioni Sanitarie Infermieristiche e Ostetriche a.a. 2025-2026<\/a><\/p>\n<p><a href=\"https:\/\/www.med.unipi.it\/wp-content\/uploads\/2025\/03\/WIO-LM-StampaRegolamento-2024-25.pdf\">Regolamento Didattico del CdLM in Professioni Sanitarie Infermieristiche e Ostetriche a.a. 2024-2025<\/a><\/p>\n<p><a href=\"https:\/\/www.med.unipi.it\/images\/ALLEGATI\/WIO_REG_2019.pdf\">Regolamento Didattico del CdLM in Professioni Sanitarie Infermieristiche e Ostetriche a.a. 2019-2020<\/a> (valido anche per gli immatricolati negli aa.aa. 2020-21 \/ 2021-22 \/ 2022-23 \/ 2023-24)<\/p>\n<p><a href=\"https:\/\/www.med.unipi.it\/images\/ALLEGATI\/WIO-L-regdid-2018.pdf\">Regolamento Didattico del CdLM in Professioni Sanitarie Infermieristiche e Ostetriche a.a. 2018-2019<\/a><\/p>\n<p><a href=\"https:\/\/www.med.unipi.it\/images\/ALLEGATI\/WIO_REG_DID_2016-17.pdf\">Regolamento Didattico del CdLM in Professioni Sanitarie Infermieristiche e Ostetriche a.a. 2016-2017<\/a>\u00a0(valido anche per gli immatricolati nell&#8217;a.a. 2017-18)<\/p>\n<p><a href=\"https:\/\/www.med.unipi.it\/images\/ALLEGATI\/REG_DID_WIO_2015.pdf\">Regolamento Didattico del CdLM in Professioni Sanitarie Infermieristiche e Ostetriche a.a. 2015-2016<\/a><\/p>\n<p><a href=\"https:\/\/www.med.unipi.it\/images\/ALLEGATI\/REG_DID_WIO_2014.pdf\">Regolamento Didattico del CdLM in Professioni Sanitarie Infermieristiche e Ostetriche a.a. 2014-2015<\/a><\/p>\n<p><a href=\"https:\/\/www.med.unipi.it\/images\/ALLEGATI\/REG_DID_WIO_12-13.pdf\">Regolamento Didattico del CdLM in Professioni Sanitarie Infermieristiche e Ostetriche a.a. 2012-2013<\/a>\u00a0(valido anche per gli immatricolati nell&#8217;a.a. 2013-14)<\/p>\n","protected":false},"excerpt":{"rendered":"<p>Dall&#8217;Art. 12 del DM n.\u00a0270\/2004: 1. In base all&#8217;articolo 11, comma 2, della legge 19 novembre 1990, n. 341, il&hellip;<\/p>\n<p><a class=\"btn btn-dark btn-sm unipi-read-more-link\" href=\"https:\/\/www.med.unipi.it\/index.php\/corsi-di-laurea\/professioni-sanitarie-infermieristiche-e-ostetriche\/regolamento-didattico-psio\/\">Leggi tutto&#8230;<\/a><\/p>\n","protected":false},"author":1,"featured_media":0,"parent":861,"menu_order":0,"comment_status":"closed","ping_status":"closed","template":"","meta":{"footnotes":""},"categories":[73],"tags":[],"class_list":["post-871","page","type-page","status-publish","hentry","category-professioni-sanitarie-infermieristiche-e-ostetriche"],"yoast_head":"<!-- This site is optimized with the Yoast SEO plugin v27.0 - https:\/\/yoast.com\/product\/yoast-seo-wordpress\/ -->\n<title>Regolamento didattico - Scuola di Medicina<\/title>\n<meta name=\"robots\" content=\"index, follow, max-snippet:-1, max-image-preview:large, max-video-preview:-1\" \/>\n<link rel=\"canonical\" href=\"https:\/\/www.med.unipi.it\/index.php\/corsi-di-laurea\/professioni-sanitarie-infermieristiche-e-ostetriche\/regolamento-didattico-psio\/\" \/>\n<meta property=\"og:locale\" content=\"it_IT\" \/>\n<meta property=\"og:type\" content=\"article\" \/>\n<meta property=\"og:title\" content=\"Regolamento didattico - Scuola di Medicina\" \/>\n<meta property=\"og:description\" content=\"Dall&#8217;Art. 12 del DM n.\u00a0270\/2004: 1. In base all&#8217;articolo 11, comma 2, della legge 19 novembre 1990, n. 341, il&hellip;Leggi tutto...\" \/>\n<meta property=\"og:url\" content=\"https:\/\/www.med.unipi.it\/index.php\/corsi-di-laurea\/professioni-sanitarie-infermieristiche-e-ostetriche\/regolamento-didattico-psio\/\" \/>\n<meta property=\"og:site_name\" content=\"Scuola di Medicina\" \/>\n<meta property=\"article:modified_time\" content=\"2025-03-27T10:38:52+00:00\" \/>\n<meta name=\"twitter:card\" content=\"summary_large_image\" \/>\n<meta name=\"twitter:label1\" content=\"Tempo di lettura stimato\" \/>\n\t<meta name=\"twitter:data1\" content=\"2 minuti\" \/>\n<script type=\"application\/ld+json\" class=\"yoast-schema-graph\">{\"@context\":\"https:\/\/schema.org\",\"@graph\":[{\"@type\":\"WebPage\",\"@id\":\"https:\/\/www.med.unipi.it\/index.php\/corsi-di-laurea\/professioni-sanitarie-infermieristiche-e-ostetriche\/regolamento-didattico-psio\/\",\"url\":\"https:\/\/www.med.unipi.it\/index.php\/corsi-di-laurea\/professioni-sanitarie-infermieristiche-e-ostetriche\/regolamento-didattico-psio\/\",\"name\":\"Regolamento didattico - Scuola di Medicina\",\"isPartOf\":{\"@id\":\"https:\/\/www.med.unipi.it\/#website\"},\"datePublished\":\"2022-01-18T09:45:22+00:00\",\"dateModified\":\"2025-03-27T10:38:52+00:00\",\"breadcrumb\":{\"@id\":\"https:\/\/www.med.unipi.it\/index.php\/corsi-di-laurea\/professioni-sanitarie-infermieristiche-e-ostetriche\/regolamento-didattico-psio\/#breadcrumb\"},\"inLanguage\":\"it-IT\",\"potentialAction\":[{\"@type\":\"ReadAction\",\"target\":[\"https:\/\/www.med.unipi.it\/index.php\/corsi-di-laurea\/professioni-sanitarie-infermieristiche-e-ostetriche\/regolamento-didattico-psio\/\"]}]},{\"@type\":\"BreadcrumbList\",\"@id\":\"https:\/\/www.med.unipi.it\/index.php\/corsi-di-laurea\/professioni-sanitarie-infermieristiche-e-ostetriche\/regolamento-didattico-psio\/#breadcrumb\",\"itemListElement\":[{\"@type\":\"ListItem\",\"position\":1,\"name\":\"Home\",\"item\":\"https:\/\/www.med.unipi.it\/\"},{\"@type\":\"ListItem\",\"position\":2,\"name\":\"Corsi di Laurea\",\"item\":\"https:\/\/www.med.unipi.it\/index.php\/corsi-di-laurea\/\"},{\"@type\":\"ListItem\",\"position\":3,\"name\":\"Scienze Infermieristiche e Ostetriche\",\"item\":\"https:\/\/www.med.unipi.it\/index.php\/corsi-di-laurea\/professioni-sanitarie-infermieristiche-e-ostetriche\/\"},{\"@type\":\"ListItem\",\"position\":4,\"name\":\"Regolamento didattico\"}]},{\"@type\":\"WebSite\",\"@id\":\"https:\/\/www.med.unipi.it\/#website\",\"url\":\"https:\/\/www.med.unipi.it\/\",\"name\":\"Scuola di Medicina\",\"description\":\"\",\"potentialAction\":[{\"@type\":\"SearchAction\",\"target\":{\"@type\":\"EntryPoint\",\"urlTemplate\":\"https:\/\/www.med.unipi.it\/?s={search_term_string}\"},\"query-input\":{\"@type\":\"PropertyValueSpecification\",\"valueRequired\":true,\"valueName\":\"search_term_string\"}}],\"inLanguage\":\"it-IT\"}]}<\/script>\n<!-- \/ Yoast SEO plugin. -->","yoast_head_json":{"title":"Regolamento didattico - Scuola di Medicina","robots":{"index":"index","follow":"follow","max-snippet":"max-snippet:-1","max-image-preview":"max-image-preview:large","max-video-preview":"max-video-preview:-1"},"canonical":"https:\/\/www.med.unipi.it\/index.php\/corsi-di-laurea\/professioni-sanitarie-infermieristiche-e-ostetriche\/regolamento-didattico-psio\/","og_locale":"it_IT","og_type":"article","og_title":"Regolamento didattico - Scuola di Medicina","og_description":"Dall&#8217;Art. 12 del DM n.\u00a0270\/2004: 1. In base all&#8217;articolo 11, comma 2, della legge 19 novembre 1990, n. 341, il&hellip;Leggi tutto...","og_url":"https:\/\/www.med.unipi.it\/index.php\/corsi-di-laurea\/professioni-sanitarie-infermieristiche-e-ostetriche\/regolamento-didattico-psio\/","og_site_name":"Scuola di Medicina","article_modified_time":"2025-03-27T10:38:52+00:00","twitter_card":"summary_large_image","twitter_misc":{"Tempo di lettura stimato":"2 minuti"},"schema":{"@context":"https:\/\/schema.org","@graph":[{"@type":"WebPage","@id":"https:\/\/www.med.unipi.it\/index.php\/corsi-di-laurea\/professioni-sanitarie-infermieristiche-e-ostetriche\/regolamento-didattico-psio\/","url":"https:\/\/www.med.unipi.it\/index.php\/corsi-di-laurea\/professioni-sanitarie-infermieristiche-e-ostetriche\/regolamento-didattico-psio\/","name":"Regolamento didattico - Scuola di Medicina","isPartOf":{"@id":"https:\/\/www.med.unipi.it\/#website"},"datePublished":"2022-01-18T09:45:22+00:00","dateModified":"2025-03-27T10:38:52+00:00","breadcrumb":{"@id":"https:\/\/www.med.unipi.it\/index.php\/corsi-di-laurea\/professioni-sanitarie-infermieristiche-e-ostetriche\/regolamento-didattico-psio\/#breadcrumb"},"inLanguage":"it-IT","potentialAction":[{"@type":"ReadAction","target":["https:\/\/www.med.unipi.it\/index.php\/corsi-di-laurea\/professioni-sanitarie-infermieristiche-e-ostetriche\/regolamento-didattico-psio\/"]}]},{"@type":"BreadcrumbList","@id":"https:\/\/www.med.unipi.it\/index.php\/corsi-di-laurea\/professioni-sanitarie-infermieristiche-e-ostetriche\/regolamento-didattico-psio\/#breadcrumb","itemListElement":[{"@type":"ListItem","position":1,"name":"Home","item":"https:\/\/www.med.unipi.it\/"},{"@type":"ListItem","position":2,"name":"Corsi di Laurea","item":"https:\/\/www.med.unipi.it\/index.php\/corsi-di-laurea\/"},{"@type":"ListItem","position":3,"name":"Scienze Infermieristiche e Ostetriche","item":"https:\/\/www.med.unipi.it\/index.php\/corsi-di-laurea\/professioni-sanitarie-infermieristiche-e-ostetriche\/"},{"@type":"ListItem","position":4,"name":"Regolamento didattico"}]},{"@type":"WebSite","@id":"https:\/\/www.med.unipi.it\/#website","url":"https:\/\/www.med.unipi.it\/","name":"Scuola di Medicina","description":"","potentialAction":[{"@type":"SearchAction","target":{"@type":"EntryPoint","urlTemplate":"https:\/\/www.med.unipi.it\/?s={search_term_string}"},"query-input":{"@type":"PropertyValueSpecification","valueRequired":true,"valueName":"search_term_string"}}],"inLanguage":"it-IT"}]}},"_links":{"self":[{"href":"https:\/\/www.med.unipi.it\/index.php\/wp-json\/wp\/v2\/pages\/871","targetHints":{"allow":["GET"]}}],"collection":[{"href":"https:\/\/www.med.unipi.it\/index.php\/wp-json\/wp\/v2\/pages"}],"about":[{"href":"https:\/\/www.med.unipi.it\/index.php\/wp-json\/wp\/v2\/types\/page"}],"author":[{"embeddable":true,"href":"https:\/\/www.med.unipi.it\/index.php\/wp-json\/wp\/v2\/users\/1"}],"replies":[{"embeddable":true,"href":"https:\/\/www.med.unipi.it\/index.php\/wp-json\/wp\/v2\/comments?post=871"}],"version-history":[{"count":9,"href":"https:\/\/www.med.unipi.it\/index.php\/wp-json\/wp\/v2\/pages\/871\/revisions"}],"predecessor-version":[{"id":8743,"href":"https:\/\/www.med.unipi.it\/index.php\/wp-json\/wp\/v2\/pages\/871\/revisions\/8743"}],"up":[{"embeddable":true,"href":"https:\/\/www.med.unipi.it\/index.php\/wp-json\/wp\/v2\/pages\/861"}],"wp:attachment":[{"href":"https:\/\/www.med.unipi.it\/index.php\/wp-json\/wp\/v2\/media?parent=871"}],"wp:term":[{"taxonomy":"category","embeddable":true,"href":"https:\/\/www.med.unipi.it\/index.php\/wp-json\/wp\/v2\/categories?post=871"},{"taxonomy":"post_tag","embeddable":true,"href":"https:\/\/www.med.unipi.it\/index.php\/wp-json\/wp\/v2\/tags?post=871"}],"curies":[{"name":"wp","href":"https:\/\/api.w.org\/{rel}","templated":true}]}}